{"id":101,"date":"2023-01-15T17:18:31","date_gmt":"2023-01-15T16:18:31","guid":{"rendered":"http:\/\/dykalska.com\/?page_id=101"},"modified":"2025-01-10T12:39:31","modified_gmt":"2025-01-10T11:39:31","slug":"cennik","status":"publish","type":"page","link":"http:\/\/dykalska.com\/index.php\/cennik\/","title":{"rendered":"Cennik"},"content":{"rendered":"\n<p><strong>akceptuj\u0119 p\u0142atno\u015bci BLIK<\/strong><\/p>\n\n\n\n<p><br>Pierwsza konsultacja (do 50 minut): 200 z\u0142<\/p>\n\n\n\n<p>Zaj\u0119cia terapeutyczne TSR\/ Kid&#8217;s Skills (do 50 minut): 200 z\u0142<\/p>\n\n\n\n<p>Zaj\u0119cia terapeutyczne prowadzone metod\u0105 IE Basic\/Standard (do 50 minut): 200 z\u0142<\/p>\n\n\n\n<p>Diagnoza psychologiczna (2&#215;50 minut): 400 z\u0142<\/p>\n\n\n\n<p>Diagnoza gotowo\u015bci szkolnej (2&#215;50 minut): 400 z\u0142<\/p>\n\n\n\n<p>Diagnoza dysleksji (4&#215;50 minut): 800 z\u0142<\/p>\n\n\n\n<p>Obserwacja dziecka na terenie plac\u00f3wki (do 50 minut): 300 z\u0142<\/p>\n\n\n\n<p>Mediacje (do 50 minut): 250 z\u0142<\/p>\n\n\n\n<p>Tutoring (do 50 minut): 150 z\u0142<\/p>\n\n\n\n<p>Konsultacja psychologiczna (do 50 minut): 200 z\u0142<\/p>\n\n\n\n<p>Poradnictwo dla rodzic\u00f3w (do 50 minut): 200 z\u0142<\/p>\n\n\n\n<p>Poradnictwo oko\u0142orozwodowe\/ oko\u0142orozstaniowe (do 50 minut): 200 z\u0142<br><br><\/p>\n\n\n\n<figure class=\"wp-block-image size-large\"><img loading=\"lazy\" decoding=\"async\" width=\"682\" height=\"1024\" src=\"http:\/\/dykalska.com\/wp-content\/uploads\/2025\/01\/3-682x1024.jpg\" alt=\"\" class=\"wp-image-207\" srcset=\"http:\/\/dykalska.com\/wp-content\/uploads\/2025\/01\/3-682x1024.jpg 682w, http:\/\/dykalska.com\/wp-content\/uploads\/2025\/01\/3-200x300.jpg 200w, http:\/\/dykalska.com\/wp-content\/uploads\/2025\/01\/3-768x1154.jpg 768w, http:\/\/dykalska.com\/wp-content\/uploads\/2025\/01\/3-1022x1536.jpg 1022w, http:\/\/dykalska.com\/wp-content\/uploads\/2025\/01\/3-40x60.jpg 40w, http:\/\/dykalska.com\/wp-content\/uploads\/2025\/01\/3.jpg 1363w\" sizes=\"auto, (max-width: 682px) 100vw, 682px\" \/><\/figure>\n","protected":false},"excerpt":{"rendered":"<p>akceptuj\u0119 p\u0142atno\u015bci BLIK Pierwsza konsultacja (do 50 minut): 200 z\u0142 Zaj\u0119cia terapeutyczne TSR\/ Kid&#8217;s Skills (do 50 minut): 200 z\u0142 Zaj\u0119cia terapeutyczne prowadzone metod\u0105 IE Basic\/Standard (do 50 minut): 200 z\u0142 Diagnoza psychologiczna (2&#215;50 minut): 400 z\u0142 Diagnoza gotowo\u015bci szkolnej (2&#215;50 minut): 400 z\u0142 Diagnoza dysleksji (4&#215;50 minut): 800 z\u0142 Obserwacja dziecka na terenie plac\u00f3wki &hellip; <\/p>\n","protected":false},"author":1,"featured_media":0,"parent":0,"menu_order":0,"comment_status":"closed","ping_status":"closed","template":"","meta":{"footnotes":""},"class_list":["post-101","page","type-page","status-publish","hentry"],"_links":{"self":[{"href":"http:\/\/dykalska.com\/index.php\/wp-json\/wp\/v2\/pages\/101","targetHints":{"allow":["GET"]}}],"collection":[{"href":"http:\/\/dykalska.com\/index.php\/wp-json\/wp\/v2\/pages"}],"about":[{"href":"http:\/\/dykalska.com\/index.php\/wp-json\/wp\/v2\/types\/page"}],"author":[{"embeddable":true,"href":"http:\/\/dykalska.com\/index.php\/wp-json\/wp\/v2\/users\/1"}],"replies":[{"embeddable":true,"href":"http:\/\/dykalska.com\/index.php\/wp-json\/wp\/v2\/comments?post=101"}],"version-history":[{"count":9,"href":"http:\/\/dykalska.com\/index.php\/wp-json\/wp\/v2\/pages\/101\/revisions"}],"predecessor-version":[{"id":216,"href":"http:\/\/dykalska.com\/index.php\/wp-json\/wp\/v2\/pages\/101\/revisions\/216"}],"wp:attachment":[{"href":"http:\/\/dykalska.com\/index.php\/wp-json\/wp\/v2\/media?parent=101"}],"curies":[{"name":"wp","href":"https:\/\/api.w.org\/{rel}","templated":true}]}}